d by 11?
8
Suppose -996 = 4*r + w + w, -r + 3*w - 263 = 0. Let y = r - -265. What is the remainder when 17 is divided by y?
3
Let z = -12 + -4. Suppose 34*j - 31*j + q = 142, 2*j = q + 103. What is the remainder when (z/3)/(2/(-72)) is divided by j?
45
What is the remainder when 50 is divided by 19/4 - -14*9/504?
0
Let u = -1396 - -1409. What is the remainder when 498 is divided by u?
4
What is the remainder when 325 + 2 - (-36)/(-90)*15 is divided by 179?
142
Suppose 19 = 3*v - 2. Let i(k) = -18*k + 5 + k**3 + 7*k**3 - 7*k**3 + k**2 - 5*k**2. Calculate the remainder when 76 is divided by i(v).
24
Let r = -268 - -293. Let l(u) = 70 - 4*u - 39 - 40. What is the remainder when r is divided by l(-4)?
4
Let y(r) = -r**2 + 14*r - 23. Let a be y(10). What is the remainder when 213 is divided by a/5 + -3 + 308/5?
27
Let z = -51 + 53. Suppose -5*d + 3*x = 165, -3*x + 145 = -4*d + z*x. Let h = d - -40. Calculate the remainder when 58 is divided by h.
8
Let i(w) be the first derivative of -7*w**2/2 + 257*w - 223. What is the remainder when 97 is divided by i(30)?
3
Let u(a) be the second derivative of 3*a**5/20 - a**4/2 + 5*a**3/3 + 3*a**2 + 13*a - 2. What is the remainder when u(4) is divided by 51?
40
Let s be (2/4)/(1/(-204)*6). Let d(t) be the second derivative of -t**4/12 - 7*t**3/2 - 23*t**2/2 - 2*t. What is the remainder when d(s) is divided by 19?
7
Let n(m) = 2*m**3 + 6*m**2 + 19*m - 15. Calculate the remainder when n(4) is divided by 55.
10
Suppose -5*g - 5 = 0, -1742*g - 159 = -5*b - 1743*g. What is the remainder when 490 is divided by b?
10
What is the remainder when 82 is divided by 35 - 5*((-6)/(-15) - 1)?
6
Let b = -27 - -49. Let i = -14 + 16. Suppose 0 = -y + 3, 2*c + 4*y - 44 = -i*c. Calculate the remainder when b is divided by c.
6
Let k(w) = -2*w - 32. Let j = -334 + 315. What is the remainder when 175 is divided by k(j)?
1
Suppose -5*h - 13*n + 8*n = -2*h - 993, 0 = -2*n. What is the remainder when h is divided by 175?
156
Suppose -17 = -3*m + 22. Let w(i) = 108*i - 49. Calculate the remainder when w(5) is divided by m.
10
Let i = -2383 - -2502. Calculate the remainder when 328 is divided by i.
90
What is the remainder when 780/70*(0 - -14) is divided by 50?
6
What is the remainder when 21 is divided by 27 - (16 - 10) - 5?
5
Suppose -4*a = -2*w - 298, -2*a - 163 = w + 3*a. Let h = 272 + w. Suppose h = p + 6*p. What is the remainder when 46 is divided by p?
12
Let g(s) = s + 24. Let b be (-2)/7 - 468/(-21). Suppose 2*w + 5*i = 5, -4*w = w + i + b. What is the remainder when 129 is divided by g(w)?
15
Suppose -19*s + 118 - 365 = 0. Calculate the remainder when 259 is divided by s*(-8 + 8 - 2).
25
Suppose 0 = -g + a - 66, 0 = -2*g - 2*g + a - 279. Let d = -1925 - -1831. Let t = g - d. Calculate the remainder when 58 is divided by t.
12
Let n = 120 + -104. Let u(t) = 43*t - 3. What is the remainder when u(2) is divided by 52/n + -3 - (-415)/20?
20
Let s = -27608 - -28883. Calculate the remainder when s is divided by 6.
3
Let o = 662 + -661. What is the remainder when 9 is divided by o?
0
Suppose 89*q = 622 + 2582. Calculate the remainder when q is divided by 19.
17
Let z = 32549 + -32443. What is the remainder when 2329 is divided by z?
103
Let u = 5192 + -4219. Calculate the remainder when u is divided by 30.
13
Suppose 4*g = 3*i - 572, 0 = 4*i + 5*g - 1209 + 374. What is the remainder when i is divided by 13?
5
Suppose -28*r = 52*r - 14640. Calculate the remainder when r is divided by 43.
11
Let b(z) = 2*z**2 - 50*z - 60. What is the remainder when b(29) is divided by 158?
14
Suppose 0 = c - 5*h - 233 - 521, 2*h = -2*c + 1532. Calculate the remainder when c is divided by 112.
92
Suppose -u - 53078 = 4*v + 58639, -2*u - 83784 = 3*v. What is the remainder when 2/(-20) - v/300 is divided by 16?
13
Let s = -8248 + 8263. What is the remainder when 761 is divided by s?
11
Let n = 793 - 799. What is the remainder when n/(-15)*50 + -8 is divided by 12?
0
Let j = -1076 + 1178. Let z = 759 + -738. Calculate the remainder when j is divided by z.
18
Let p be (1/3)/((-25)/(-375)). Suppose -5*w - 5*r = -125, -40 = 4*w - p*w - 4*r. What is the remainder when 5/w - ((-494)/8)/1 is divided by 16?
14
Suppose -3*g + 2*j + 11551 = 0, -3*g + 11541 = 127*j - 124*j. Calculate the remainder when g is divided by 12.
9
Calculate the remainder when 508 is divided by (-143)/(-2) - (270/36 + -9).
70
Let l be 1323 + (54/9 - 5). Let n = 1998 - l. Calculate the remainder when n is divided by 5.
4
Let u(c) = c**3 + 10*c**2 + 24*c + 24. Let p be u(-7). What is the remainder when 73 is divided by 22/(-2)*(p/3 + -2)?
7
Let q be 10/(-20)*(1 + -1). Suppose q*z + z = 45. Let f = -27 + z. Calculate the remainder when f is divided by 11.
7
Let r(y) = 2*y**3 + y**2 - 6*y - 4. Let g be r(-2). What is the remainder when 473 is divided by ((-26)/(-4))/(-13)*17*g?
31
Let m(y) = -y**3 - y**2 - y - 2. Let o(s) = 5*s**3 + 47*s**2 - 36*s + 154. Let c(u) = -4*m(u) - o(u). Calculate the remainder when 749 is divided by c(-44).
29
Suppose -2814 = -66*y + 2334. Calculate the remainder when 405 is divided by y.
15
Suppose -11*p + 8160 - 5419 = -10899. Calculate the remainder when p is divided by 43.
36
Let b(h) = -6*h - 7. What is the remainder when (12/(-16))/(27/(-24)) - 2159/(-51) is divided by b(-5)?
20
Suppose -4*i + 92 = -0*i. Suppose 0 = b - 3*x - 17, 0*b - 5*x - i = b. Let r(w) = -3*w + 23. Calculate the remainder when r(6) is divided by b.
1
Let b(m) = m**3 + 4*m**2 + m - 4. Let p be b(-3). Suppose 2*t - p*c = 2*c + 50, -4 = -4*c. Let l = -6695 + 6701. What is the remainder when t is divided by l?
3
Let z = -42 - -152. Suppose 3*v - 2*m = 99, -5*v - m + 0*m + 165 = 0. Suppose 11*o = v + z. What is the remainder when 154 is divided by o?
11
Let k be -12*(-3 + 2)*(-1)/2. Let s be (-1661)/(-66) + 1/k. Let i = 34 - s. What is the remainder when 25 is divided by i?
7
Let c = -1449 + 2121. Suppose 0 = -43*w - c + 3553. Calculate the remainder when w is divided by 34.
33
Let j be 1/2*22 + -1. Suppose -j = 3*d - 67. Let h = -28747 + 28783. Calculate the remainder when h is divided by d.
17
What is the remainder when 460 is divided by (-6)/(-16)*(916 + -428)?
94
Let x = 3406 - 3317. What is the remainder when 1176 is divided by x?
19
Let i = 226 - 163. Calculate the remainder when i is divided by -10*(-1 + 36/(-20)).
7
Let m(l) = -12*l + 28 - 7*l + 5*l + l**3 + 141*l**2 - 61*l**2 - 71*l**2. What is the remainder when m(-9) is divided by 31?
30
Let q = 14690 - 14391. Calculate the remainder when q is divided by 137.
25
Let a(j) = -2*j - 22. Let z be a(-24). Suppose 9*s - 2*r = 7*s + z, -2*s - 3*r = -26. Calculate the remainder when 38 is divided by s.
12
Suppose 100*k - 78902 = 23098. What is the remainder when k is divided by 7?
5
Suppose 688 = 2*o - 840. Suppose -3*b - 4*b = -y - o, -112 = -b + 3*y. Calculate the remainder when b is divided by 28.
25
Let b(m) = 38*m**3 + 3*m**2 + 19*m - 21. Calculate the remainder when 115 - (-1 + 3 + -1) is divided by b(1).
36
Let s(m) = m**3 + 45*m**2 + 24*m + 1084. Calculate the remainder when 1200/14 + 10/35 is divided by s(-45).
2
Let j(u) = u**3 - 33*u**2 - 73*u + 114. What is the remainder when 119 is divided by j(35)?
2
Let d be ((-3)/4)/((-75)/500). Suppose -65 + 9 = -4*g + 4*x, -d*g = 3*x - 62. What is the remainder when g is divided by 4?
1
Suppose 55944 = -43*u + 115*u. What is the remainder when u is divided by 56?
49
Suppose 42 - 39 = 2*y + 5*d, -5 = -2*y - 3*d. Suppose y*u - 3*j - 1264 = -0*u, 2*u + 3*j = 650. What is the remainder when u is divided by 82?
73
Suppose 0 = -j + h + 460, -3*h + 0*h = 3*j - 1356. Suppose j = t + 118. What is the remainder when t is divided by 18?
14
Let v(j) = -j**2 - 13*j + 6. What is the remainder when v(-9) is divided by 23?
19
Let a = 142 + -110. Let w = 48 + a. Calculate the remainder when w is divided by 4/18 + (-187)/(-9).
17
Suppose -4*z + 3*u + 140 = 0, 4*z - 28*u = -26*u + 136. Calculate the remainder when 217 is divided by z.
25
What is the remainder when (-14)/(-6) - ((75 - 78) + 2346/(-9)) is divided by 6?
2
Let d(w) = -w - 32. Let t be d(-4). Let s(v) = -v**3 - 29*v**2 - 28*v + 15. What is the remainder when 80 is divided by s(t)?
5
Let q(n) = -n**3 - 4*n**2 - 3*n + 13. Let g = -297 - -293. W